{"id":639,"date":"2025-01-30T09:25:06","date_gmt":"2025-01-30T08:25:06","guid":{"rendered":"https:\/\/atraktivnyvidiek.sk\/?page_id=639"},"modified":"2025-02-10T10:11:57","modified_gmt":"2025-02-10T09:11:57","slug":"forum","status":"publish","type":"page","link":"https:\/\/atraktivnyvidiek.sk\/?page_id=639","title":{"rendered":"Diskusn\u00e9 f\u00f3rum"},"content":{"rendered":"\t\t<div data-elementor-type=\"wp-page\" data-elementor-id=\"639\" class=\"elementor elementor-639\" data-elementor-post-type=\"page\">\n\t\t\t\t<div class=\"elementor-element elementor-element-18946ac7 e-flex e-con-boxed e-con e-parent\" data-id=\"18946ac7\" data-element_type=\"container\" data-e-type=\"container\">\n\t\t\t\t\t<div class=\"e-con-inner\">\n\t\t\t\t<div class=\"elementor-element elementor-element-763efe77 elementor-widget elementor-widget-text-editor\" data-id=\"763efe77\" data-element_type=\"widget\" data-e-type=\"widget\" data-widget_type=\"text-editor.default\">\n\t\t\t\t<div class=\"elementor-widget-container\">\n\t\t\t\t\t\t\t\t\t<p>\n<div id=\"bbpress-forums\" class=\"bbpress-wrapper\">\n\n\t\n\t<div class=\"bbp-search-form\">\n\t\t<form role=\"search\" method=\"get\" id=\"bbp-search-form\">\n\t\t\t<div>\n\t\t\t\t<label class=\"screen-reader-text hidden\" for=\"bbp_search\">H\u013eada\u0165:<\/label>\n\t\t\t\t<input type=\"hidden\" name=\"action\" value=\"bbp-search-request\" \/>\n\t\t\t\t<input type=\"text\" value=\"\" name=\"bbp_search\" id=\"bbp_search\" \/>\n\t\t\t\t<input class=\"button\" type=\"submit\" id=\"bbp_search_submit\" value=\"H\u013eada\u0165\" \/>\n\t\t\t<\/div>\n\t\t<\/form>\n\t<\/div>\n\n\n\t\n\t\n\t\n\t\n\t\t\n<ul id=\"forums-list-0\" class=\"bbp-forums\">\n\n\t<li class=\"bbp-header\">\n\n\t\t<ul class=\"forum-titles\">\n\t\t\t<li class=\"bbp-forum-info\">F\u00f3rum<\/li>\n\t\t\t<li class=\"bbp-forum-topic-count\">T\u00e9my<\/li>\n\t\t\t<li class=\"bbp-forum-reply-count\">Pr\u00edspevky<\/li>\n\t\t\t<li class=\"bbp-forum-freshness\">Posledn\u00fd \u010dl\u00e1nok<\/li>\n\t\t<\/ul>\n\n\t<\/li><!-- .bbp-header -->\n\n\t<li class=\"bbp-body\">\n\n\t\t\n\t\t\t\n<ul id=\"bbp-forum-441\" class=\"loop-item-0 bbp-forum-status-open bbp-forum-visibility-publish odd  post-441 forum type-forum status-publish hentry\">\n\t<li class=\"bbp-forum-info\">\n\n\t\t\n\t\t\n\t\t<a class=\"bbp-forum-title\" href=\"https:\/\/atraktivnyvidiek.sk\/?forum=diskusne-forum\">Spolo\u010dn\u00e1 v\u00edzia k bud\u00facej podobe \u0160truktur\u00e1lnych fondov<\/a>\n\n\t\t\n\t\t\n\t\t<div class=\"bbp-forum-content\">Lorem ipsum dolor sit amet, consectetur adipiscing elit, sed do eiusmod tempor incididunt ut labore et dolore magna aliqua. Ut enim ad minim veniam, quis nostrud exercitation ullamco laboris nisi ut aliquip ex ea commodo consequat. Duis aute irure dolor in reprehenderit in voluptate velit esse cillum dolore eu fugiat nulla pariatur. Excepteur sint occaecat cupidatat non proident, sunt in culpa qui officia deserunt mollit anim id est laborum.<\/div>\n\n\t\t\n\t\t\n\t\t\n\t\t\n\t\t\n\t<\/li>\n\n\t<li class=\"bbp-forum-topic-count\">1<\/li>\n\n\t<li class=\"bbp-forum-reply-count\">1<\/li>\n\n\t<li class=\"bbp-forum-freshness\">\n\n\t\t\n\t\t<a href=\"https:\/\/atraktivnyvidiek.sk\/?topic=vychodiskova-pozicia-sr-k-politike-sudrznosti-eu-namety-na-vylepsenie\" title=\"V\u00fdchodiskov\u00e1 poz\u00edcia SR k politike s\u00fadr\u017enosti E\u00da &#8211; n\u00e1mety na vylep\u0161enie\">pred 1 rokom, 2 mesiacmi<\/a>\n\t\t\n\t\t<p class=\"bbp-topic-meta\">\n\n\t\t\t\n\t\t\t<span class=\"bbp-topic-freshness-author\"><a href=\"https:\/\/atraktivnyvidiek.sk\/?bbp_user=9\" title=\"Zobrazi\u0165 profil pou\u017e\u00edvate\u013ea Marieta\" class=\"bbp-author-link\"><span  class=\"bbp-author-avatar\"><img alt='' src='https:\/\/secure.gravatar.com\/avatar\/127e7e6284edc364cdb51e255ea02bf82475c9847d0a02dfc46f914f157963f2?s=14&#038;d=mm&#038;r=g' srcset='https:\/\/secure.gravatar.com\/avatar\/127e7e6284edc364cdb51e255ea02bf82475c9847d0a02dfc46f914f157963f2?s=28&#038;d=mm&#038;r=g 2x' class='avatar avatar-14 photo' height='14' width='14' \/><\/span><span  class=\"bbp-author-name\">Marieta<\/span><\/a><\/span>\n\n\t\t\t\n\t\t<\/p>\n\t<\/li>\n<\/ul><!-- #bbp-forum-441 -->\n\n\t\t\n\t\t\t\n<ul id=\"bbp-forum-660\" class=\"loop-item-1 bbp-forum-status-open bbp-forum-visibility-publish even  post-660 forum type-forum status-publish hentry\">\n\t<li class=\"bbp-forum-info\">\n\n\t\t\n\t\t\n\t\t<a class=\"bbp-forum-title\" href=\"https:\/\/atraktivnyvidiek.sk\/?forum=forum-2\">Spolo\u010dn\u00e1 v\u00edzia k bud\u00facej podobe SPP<\/a>\n\n\t\t\n\t\t\n\t\t<div class=\"bbp-forum-content\">Lorem ipsum dolor sit amet consectetur adipiscing elit, facilisi maximus ridiculus proin pretium turpis tempor, a bibendum nisl ligula ex molestie. Integer cras eu lacinia porttitor ipsum phasellus scelerisque nunc tempus finibus, luctus torquent pretium adipiscing sollicitudin magnis dapibus ultrices nullam, justo et nascetur himenaeos fringilla curabitur mollis mus vulputate. Sapien sed vel pharetra aliquet augue aenean iaculis posuere netus, commodo senectus tortor nam mi arcu morbi donec quis class, mus porttitor pellentesque congue inceptos vehicula curabitur auctor.<\/div>\n\n\t\t\n\t\t\n\t\t\n\t\t\n\t\t\n\t<\/li>\n\n\t<li class=\"bbp-forum-topic-count\">0<\/li>\n\n\t<li class=\"bbp-forum-reply-count\">0<\/li>\n\n\t<li class=\"bbp-forum-freshness\">\n\n\t\t\n\t\t\u017diadne t\u00e9my\n\t\t\n\t\t<p class=\"bbp-topic-meta\">\n\n\t\t\t\n\t\t\t<span class=\"bbp-topic-freshness-author\"><\/span>\n\n\t\t\t\n\t\t<\/p>\n\t<\/li>\n<\/ul><!-- #bbp-forum-660 -->\n\n\t\t\n\t\t\t\n<ul id=\"bbp-forum-706\" class=\"loop-item-2 bbp-forum-status-open bbp-forum-visibility-publish odd  post-706 forum type-forum status-publish hentry\">\n\t<li class=\"bbp-forum-info\">\n\n\t\t\n\t\t\n\t\t<a class=\"bbp-forum-title\" href=\"https:\/\/atraktivnyvidiek.sk\/?forum=slovenska-vizia-pre-atraktivnejsi-vidiek-ako-dalej\">Slovensk\u00e1 v\u00edzia pre atrakt\u00edvnej\u0161\u00ed vidiek &#8211; ako \u010falej?<\/a>\n\n\t\t\n\t\t\n\t\t<div class=\"bbp-forum-content\">Sed ut perspiciatis unde omnis iste natus error sit voluptatem accusantium doloremque laudantium, totam rem aperiam, eaque ipsa quae ab illo inventore veritatis et quasi architecto beatae vitae dicta sunt explicabo. Nemo enim ipsam voluptatem quia voluptas sit aspernatur aut odit aut fugit, sed quia consequuntur magni dolores eos qui ratione voluptatem sequi nesciunt.<\/div>\n\n\t\t\n\t\t\n\t\t\n\t\t\n\t\t\n\t<\/li>\n\n\t<li class=\"bbp-forum-topic-count\">0<\/li>\n\n\t<li class=\"bbp-forum-reply-count\">0<\/li>\n\n\t<li class=\"bbp-forum-freshness\">\n\n\t\t\n\t\t\u017diadne t\u00e9my\n\t\t\n\t\t<p class=\"bbp-topic-meta\">\n\n\t\t\t\n\t\t\t<span class=\"bbp-topic-freshness-author\"><\/span>\n\n\t\t\t\n\t\t<\/p>\n\t<\/li>\n<\/ul><!-- #bbp-forum-706 -->\n\n\t\t\n\t\t\t\n<ul id=\"bbp-forum-708\" class=\"loop-item-3 bbp-forum-status-open bbp-forum-visibility-publish even  post-708 forum type-forum status-publish hentry\">\n\t<li class=\"bbp-forum-info\">\n\n\t\t\n\t\t\n\t\t<a class=\"bbp-forum-title\" href=\"https:\/\/atraktivnyvidiek.sk\/?forum=koncept-smart-villages-a-smart-cities\">Koncept Smart Villages a Smart Cities<\/a>\n\n\t\t\n\t\t\n\t\t<div class=\"bbp-forum-content\">Nullam dictum felis eu pede mollis pretium. Integer tincidunt. Cras dapibus. Vivamus elementum semper nisi. Aenean vulputate eleifend tellus. Aenean leo ligula, porttitor eu, consequat vitae, eleifend ac, enim. Aliquam lorem ante, dapibus in, viverra quis, feugiat a, tellus. Phasellus viverra nulla ut metus varius laoreet. Quisque rutrum. Aenean imperdiet.<\/div>\n\n\t\t\n\t\t\n\t\t\n\t\t\n\t\t\n\t<\/li>\n\n\t<li class=\"bbp-forum-topic-count\">0<\/li>\n\n\t<li class=\"bbp-forum-reply-count\">0<\/li>\n\n\t<li class=\"bbp-forum-freshness\">\n\n\t\t\n\t\t\u017diadne t\u00e9my\n\t\t\n\t\t<p class=\"bbp-topic-meta\">\n\n\t\t\t\n\t\t\t<span class=\"bbp-topic-freshness-author\"><\/span>\n\n\t\t\t\n\t\t<\/p>\n\t<\/li>\n<\/ul><!-- #bbp-forum-708 -->\n\n\t\t\n\t<\/li><!-- .bbp-body -->\n\n\t<li class=\"bbp-footer\">\n\n\t\t<div class=\"tr\">\n\t\t\t<p class=\"td colspan4\">&nbsp;<\/p>\n\t\t<\/div><!-- .tr -->\n\n\t<\/li><!-- .bbp-footer -->\n\n<\/ul><!-- .forums-directory -->\n\n\n\t\n\t\n<\/div>\n<\/p>\n\n\n<p><\/p>\n\t\t\t\t\t\t\t\t<\/div>\n\t\t\t\t<\/div>\n\t\t\t\t\t<\/div>\n\t\t\t\t<\/div>\n\t\t<div class=\"elementor-element elementor-element-734cf5f e-flex e-con-boxed e-con e-parent\" data-id=\"734cf5f\" data-element_type=\"container\" data-e-type=\"container\">\n\t\t\t\t\t<div class=\"e-con-inner\">\n\t\t\t\t<div class=\"elementor-element elementor-element-c0654ca elementor-view-default elementor-widget elementor-widget-icon\" data-id=\"c0654ca\" data-element_type=\"widget\" data-e-type=\"widget\" data-widget_type=\"icon.default\">\n\t\t\t\t<div class=\"elementor-widget-container\">\n\t\t\t\t\t\t\t<div class=\"elementor-icon-wrapper\">\n\t\t\t<div class=\"elementor-icon\">\n\t\t\t<svg aria-hidden=\"true\" class=\"e-font-icon-svg e-fab-forumbee\" viewBox=\"0 0 448 512\" xmlns=\"http:\/\/www.w3.org\/2000\/svg\"><path d=\"M5.8 309.7C2 292.7 0 275.5 0 258.3 0 135 99.8 35 223.1 35c16.6 0 33.3 2 49.3 5.5C149 87.5 51.9 186 5.8 309.7zm392.9-189.2C385 103 369 87.8 350.9 75.2c-149.6 44.3-266.3 162.1-309.7 312 12.5 18.1 28 35.6 45.2 49 43.1-151.3 161.2-271.7 312.3-315.7zm15.8 252.7c15.2-25.1 25.4-53.7 29.5-82.8-79.4 42.9-145 110.6-187.6 190.3 30-4.4 58.9-15.3 84.6-31.3 35 13.1 70.9 24.3 107 33.6-9.3-36.5-20.4-74.5-33.5-109.8zm29.7-145.5c-2.6-19.5-7.9-38.7-15.8-56.8C290.5 216.7 182 327.5 137.1 466c18.1 7.6 37 12.5 56.6 15.2C240 367.1 330.5 274.4 444.2 227.7z\"><\/path><\/svg>\t\t\t<\/div>\n\t\t<\/div>\n\t\t\t\t\t\t<\/div>\n\t\t\t\t<\/div>\n\t\t\t\t\t<\/div>\n\t\t\t\t<\/div>\n\t\t<div class=\"elementor-element elementor-element-29c5ccd e-flex e-con-boxed e-con e-parent\" data-id=\"29c5ccd\" data-element_type=\"container\" data-e-type=\"container\">\n\t\t\t\t\t<div class=\"e-con-inner\">\n\t\t\t\t<div class=\"elementor-element elementor-element-e04ae58 elementor-widget elementor-widget-wp-widget-bbp_forums_widget\" data-id=\"e04ae58\" data-element_type=\"widget\" data-e-type=\"widget\" data-widget_type=\"wp-widget-bbp_forums_widget.default\">\n\t\t\t\t<div class=\"elementor-widget-container\">\n\t\t\t\t\t<h5>Diskusn\u00e9 F\u00f3ra<\/h5>\n\t\t<ul class=\"bbp-forums-widget\">\n\n\t\t\t\n\t\t\t\t<li >\n\t\t\t\t\t<a class=\"bbp-forum-title\" href=\"https:\/\/atraktivnyvidiek.sk\/?forum=diskusne-forum\">\n\t\t\t\t\t\tSpolo\u010dn\u00e1 v\u00edzia k bud\u00facej podobe \u0160truktur\u00e1lnych fondov\t\t\t\t\t<\/a>\n\t\t\t\t<\/li>\n\n\t\t\t\n\t\t\t\t<li >\n\t\t\t\t\t<a class=\"bbp-forum-title\" href=\"https:\/\/atraktivnyvidiek.sk\/?forum=forum-2\">\n\t\t\t\t\t\tSpolo\u010dn\u00e1 v\u00edzia k bud\u00facej podobe SPP\t\t\t\t\t<\/a>\n\t\t\t\t<\/li>\n\n\t\t\t\n\t\t\t\t<li >\n\t\t\t\t\t<a class=\"bbp-forum-title\" href=\"https:\/\/atraktivnyvidiek.sk\/?forum=slovenska-vizia-pre-atraktivnejsi-vidiek-ako-dalej\">\n\t\t\t\t\t\tSlovensk\u00e1 v\u00edzia pre atrakt\u00edvnej\u0161\u00ed vidiek &#8211; ako \u010falej?\t\t\t\t\t<\/a>\n\t\t\t\t<\/li>\n\n\t\t\t\n\t\t\t\t<li >\n\t\t\t\t\t<a class=\"bbp-forum-title\" href=\"https:\/\/atraktivnyvidiek.sk\/?forum=koncept-smart-villages-a-smart-cities\">\n\t\t\t\t\t\tKoncept Smart Villages a Smart Cities\t\t\t\t\t<\/a>\n\t\t\t\t<\/li>\n\n\t\t\t\n\t\t<\/ul>\n\n\t\t\t\t\t\t<\/div>\n\t\t\t\t<\/div>\n\t\t\t\t\t<\/div>\n\t\t\t\t<\/div>\n\t\t<div class=\"elementor-element elementor-element-5b48ab2 e-flex e-con-boxed e-con e-parent\" data-id=\"5b48ab2\" data-element_type=\"container\" data-e-type=\"container\">\n\t\t\t\t\t<div class=\"e-con-inner\">\n\t\t\t\t<div class=\"elementor-element elementor-element-d113a94 elementor-widget elementor-widget-wp-widget-bbp_login_widget\" data-id=\"d113a94\" data-element_type=\"widget\" data-e-type=\"widget\" data-widget_type=\"wp-widget-bbp_login_widget.default\">\n\t\t\t\t<div class=\"elementor-widget-container\">\n\t\t\t\t\t\n\t\t\t<form method=\"post\" action=\"https:\/\/atraktivnyvidiek.sk\/wp-login.php\" class=\"bbp-login-form\">\n\t\t\t\t<fieldset class=\"bbp-form\">\n\t\t\t\t\t<legend>Prihl\u00e1si\u0165 sa<\/legend>\n\n\t\t\t\t\t<div class=\"bbp-username\">\n\t\t\t\t\t\t<label for=\"user_login\">Pou\u017e\u00edvate\u013esk\u00e9 meno: <\/label>\n\t\t\t\t\t\t<input type=\"text\" name=\"log\" value=\"\" size=\"20\" maxlength=\"100\" id=\"user_login\" autocomplete=\"off\" \/>\n\t\t\t\t\t<\/div>\n\n\t\t\t\t\t<div class=\"bbp-password\">\n\t\t\t\t\t\t<label for=\"user_pass\">Heslo: <\/label>\n\t\t\t\t\t\t<input type=\"password\" name=\"pwd\" value=\"\" size=\"20\" id=\"user_pass\" autocomplete=\"off\" \/>\n\t\t\t\t\t<\/div>\n\n\t\t\t\t\t<div class=\"bbp-remember-me\">\n\t\t\t\t\t\t<input type=\"checkbox\" name=\"rememberme\" value=\"forever\"  id=\"rememberme\" \/>\n\t\t\t\t\t\t<label for=\"rememberme\">Necha\u0165 ma prihl\u00e1sen\u00e9ho<\/label>\n\t\t\t\t\t<\/div>\n\n\t\t\t\t\t\n\t\t\t\t\t<div class=\"bbp-submit-wrapper\">\n\n\t\t\t\t\t\t<button type=\"submit\" name=\"user-submit\" id=\"user-submit\" class=\"button submit user-submit\">Prihl\u00e1si\u0165 sa<\/button>\n\n\t\t\t\t\t\t\n\t<input type=\"hidden\" name=\"user-cookie\" value=\"1\" \/>\n\n\t<input type=\"hidden\" id=\"bbp_redirect_to\" name=\"redirect_to\" value=\"https:\/\/atraktivnyvidiek.sk\/index.php?rest_route=%2Fwp%2Fv2%2Fpages%2F639\" \/><input type=\"hidden\" id=\"_wpnonce\" name=\"_wpnonce\" value=\"d45ccc3da1\" \/><input type=\"hidden\" name=\"_wp_http_referer\" value=\"\/index.php?rest_route=%2Fwp%2Fv2%2Fpages%2F639\" \/>\n\t\t\t\t\t<\/div>\n\n\t\t\t\t\t\n\t\t\t\t<\/fieldset>\n\t\t\t<\/form>\n\n\t\t\t\t\t\t<\/div>\n\t\t\t\t<\/div>\n\t\t\t\t\t<\/div>\n\t\t\t\t<\/div>\n\t\t\t\t<\/div>\n\t\t","protected":false},"excerpt":{"rendered":"","protected":false},"author":1,"featured_media":0,"parent":0,"menu_order":0,"comment_status":"closed","ping_status":"closed","template":"","meta":{"_bbp_topic_count":0,"_bbp_reply_count":0,"_bbp_total_topic_count":0,"_bbp_total_reply_count":0,"_bbp_voice_count":0,"_bbp_anonymous_reply_count":0,"_bbp_topic_count_hidden":0,"_bbp_reply_count_hidden":0,"_bbp_forum_subforum_count":0,"footnotes":""},"class_list":["post-639","page","type-page","status-publish","hentry"],"yoast_head":"<!-- This site is optimized with the Yoast SEO plugin v26.8 - https:\/\/yoast.com\/product\/yoast-seo-wordpress\/ -->\n<title>Diskusn\u00e9 f\u00f3rum - Atrakt\u00edvny vidiek<\/title>\n<meta name=\"robots\" content=\"index, follow, max-snippet:-1, max-image-preview:large, max-video-preview:-1\" \/>\n<link rel=\"canonical\" href=\"https:\/\/atraktivnyvidiek.sk\/?page_id=639\" \/>\n<meta property=\"og:locale\" content=\"sk_SK\" \/>\n<meta property=\"og:type\" content=\"article\" \/>\n<meta property=\"og:title\" content=\"Diskusn\u00e9 f\u00f3rum - Atrakt\u00edvny vidiek\" \/>\n<meta property=\"og:url\" content=\"https:\/\/atraktivnyvidiek.sk\/?page_id=639\" \/>\n<meta property=\"og:site_name\" content=\"Atrakt\u00edvny vidiek\" \/>\n<meta property=\"article:modified_time\" content=\"2025-02-10T09:11:57+00:00\" \/>\n<meta name=\"twitter:card\" content=\"summary_large_image\" \/>\n<meta name=\"twitter:label1\" content=\"Predpokladan\u00fd \u010das \u010d\u00edtania\" \/>\n\t<meta name=\"twitter:data1\" content=\"1 min\u00fata\" \/>\n<script type=\"application\/ld+json\" class=\"yoast-schema-graph\">{\"@context\":\"https:\/\/schema.org\",\"@graph\":[{\"@type\":\"WebPage\",\"@id\":\"https:\/\/atraktivnyvidiek.sk\/?page_id=639\",\"url\":\"https:\/\/atraktivnyvidiek.sk\/?page_id=639\",\"name\":\"Diskusn\u00e9 f\u00f3rum - Atrakt\u00edvny vidiek\",\"isPartOf\":{\"@id\":\"https:\/\/atraktivnyvidiek.sk\/#website\"},\"datePublished\":\"2025-01-30T08:25:06+00:00\",\"dateModified\":\"2025-02-10T09:11:57+00:00\",\"breadcrumb\":{\"@id\":\"https:\/\/atraktivnyvidiek.sk\/?page_id=639#breadcrumb\"},\"inLanguage\":\"sk-SK\",\"potentialAction\":[{\"@type\":\"ReadAction\",\"target\":[\"https:\/\/atraktivnyvidiek.sk\/?page_id=639\"]}]},{\"@type\":\"BreadcrumbList\",\"@id\":\"https:\/\/atraktivnyvidiek.sk\/?page_id=639#breadcrumb\",\"itemListElement\":[{\"@type\":\"ListItem\",\"position\":1,\"name\":\"Home\",\"item\":\"https:\/\/atraktivnyvidiek.sk\/\"},{\"@type\":\"ListItem\",\"position\":2,\"name\":\"Diskusn\u00e9 f\u00f3rum\"}]},{\"@type\":\"WebSite\",\"@id\":\"https:\/\/atraktivnyvidiek.sk\/#website\",\"url\":\"https:\/\/atraktivnyvidiek.sk\/\",\"name\":\"Atrakt\u00edvny vidiek\",\"description\":\"\",\"publisher\":{\"@id\":\"https:\/\/atraktivnyvidiek.sk\/#organization\"},\"potentialAction\":[{\"@type\":\"SearchAction\",\"target\":{\"@type\":\"EntryPoint\",\"urlTemplate\":\"https:\/\/atraktivnyvidiek.sk\/?s={search_term_string}\"},\"query-input\":{\"@type\":\"PropertyValueSpecification\",\"valueRequired\":true,\"valueName\":\"search_term_string\"}}],\"inLanguage\":\"sk-SK\"},{\"@type\":\"Organization\",\"@id\":\"https:\/\/atraktivnyvidiek.sk\/#organization\",\"name\":\"Atrakt\u00edvny vidiek\",\"url\":\"https:\/\/atraktivnyvidiek.sk\/\",\"logo\":{\"@type\":\"ImageObject\",\"inLanguage\":\"sk-SK\",\"@id\":\"https:\/\/atraktivnyvidiek.sk\/#\/schema\/logo\/image\/\",\"url\":\"https:\/\/atraktivnyvidiek.sk\/wp-content\/uploads\/2025\/01\/av_logo_horiz_800.png\",\"contentUrl\":\"https:\/\/atraktivnyvidiek.sk\/wp-content\/uploads\/2025\/01\/av_logo_horiz_800.png\",\"width\":800,\"height\":213,\"caption\":\"Atrakt\u00edvny vidiek\"},\"image\":{\"@id\":\"https:\/\/atraktivnyvidiek.sk\/#\/schema\/logo\/image\/\"}}]}<\/script>\n<!-- \/ Yoast SEO plugin. -->","yoast_head_json":{"title":"Diskusn\u00e9 f\u00f3rum - Atrakt\u00edvny vidiek","robots":{"index":"index","follow":"follow","max-snippet":"max-snippet:-1","max-image-preview":"max-image-preview:large","max-video-preview":"max-video-preview:-1"},"canonical":"https:\/\/atraktivnyvidiek.sk\/?page_id=639","og_locale":"sk_SK","og_type":"article","og_title":"Diskusn\u00e9 f\u00f3rum - Atrakt\u00edvny vidiek","og_url":"https:\/\/atraktivnyvidiek.sk\/?page_id=639","og_site_name":"Atrakt\u00edvny vidiek","article_modified_time":"2025-02-10T09:11:57+00:00","twitter_card":"summary_large_image","twitter_misc":{"Predpokladan\u00fd \u010das \u010d\u00edtania":"1 min\u00fata"},"schema":{"@context":"https:\/\/schema.org","@graph":[{"@type":"WebPage","@id":"https:\/\/atraktivnyvidiek.sk\/?page_id=639","url":"https:\/\/atraktivnyvidiek.sk\/?page_id=639","name":"Diskusn\u00e9 f\u00f3rum - Atrakt\u00edvny vidiek","isPartOf":{"@id":"https:\/\/atraktivnyvidiek.sk\/#website"},"datePublished":"2025-01-30T08:25:06+00:00","dateModified":"2025-02-10T09:11:57+00:00","breadcrumb":{"@id":"https:\/\/atraktivnyvidiek.sk\/?page_id=639#breadcrumb"},"inLanguage":"sk-SK","potentialAction":[{"@type":"ReadAction","target":["https:\/\/atraktivnyvidiek.sk\/?page_id=639"]}]},{"@type":"BreadcrumbList","@id":"https:\/\/atraktivnyvidiek.sk\/?page_id=639#breadcrumb","itemListElement":[{"@type":"ListItem","position":1,"name":"Home","item":"https:\/\/atraktivnyvidiek.sk\/"},{"@type":"ListItem","position":2,"name":"Diskusn\u00e9 f\u00f3rum"}]},{"@type":"WebSite","@id":"https:\/\/atraktivnyvidiek.sk\/#website","url":"https:\/\/atraktivnyvidiek.sk\/","name":"Atrakt\u00edvny vidiek","description":"","publisher":{"@id":"https:\/\/atraktivnyvidiek.sk\/#organization"},"potentialAction":[{"@type":"SearchAction","target":{"@type":"EntryPoint","urlTemplate":"https:\/\/atraktivnyvidiek.sk\/?s={search_term_string}"},"query-input":{"@type":"PropertyValueSpecification","valueRequired":true,"valueName":"search_term_string"}}],"inLanguage":"sk-SK"},{"@type":"Organization","@id":"https:\/\/atraktivnyvidiek.sk\/#organization","name":"Atrakt\u00edvny vidiek","url":"https:\/\/atraktivnyvidiek.sk\/","logo":{"@type":"ImageObject","inLanguage":"sk-SK","@id":"https:\/\/atraktivnyvidiek.sk\/#\/schema\/logo\/image\/","url":"https:\/\/atraktivnyvidiek.sk\/wp-content\/uploads\/2025\/01\/av_logo_horiz_800.png","contentUrl":"https:\/\/atraktivnyvidiek.sk\/wp-content\/uploads\/2025\/01\/av_logo_horiz_800.png","width":800,"height":213,"caption":"Atrakt\u00edvny vidiek"},"image":{"@id":"https:\/\/atraktivnyvidiek.sk\/#\/schema\/logo\/image\/"}}]}},"_links":{"self":[{"href":"https:\/\/atraktivnyvidiek.sk\/index.php?rest_route=\/wp\/v2\/pages\/639","targetHints":{"allow":["GET"]}}],"collection":[{"href":"https:\/\/atraktivnyvidiek.sk\/index.php?rest_route=\/wp\/v2\/pages"}],"about":[{"href":"https:\/\/atraktivnyvidiek.sk\/index.php?rest_route=\/wp\/v2\/types\/page"}],"author":[{"embeddable":true,"href":"https:\/\/atraktivnyvidiek.sk\/index.php?rest_route=\/wp\/v2\/users\/1"}],"replies":[{"embeddable":true,"href":"https:\/\/atraktivnyvidiek.sk\/index.php?rest_route=%2Fwp%2Fv2%2Fcomments&post=639"}],"version-history":[{"count":6,"href":"https:\/\/atraktivnyvidiek.sk\/index.php?rest_route=\/wp\/v2\/pages\/639\/revisions"}],"predecessor-version":[{"id":766,"href":"https:\/\/atraktivnyvidiek.sk\/index.php?rest_route=\/wp\/v2\/pages\/639\/revisions\/766"}],"wp:attachment":[{"href":"https:\/\/atraktivnyvidiek.sk\/index.php?rest_route=%2Fwp%2Fv2%2Fmedia&parent=639"}],"curies":[{"name":"wp","href":"https:\/\/api.w.org\/{rel}","templated":true}]}}